{"id":21720,"date":"2024-01-10T17:09:16","date_gmt":"2024-01-10T16:09:16","guid":{"rendered":"https:\/\/3z3fq5bsjkc.preview.infomaniak.website\/?post_type=cpt_team&#038;p=21720"},"modified":"2026-04-17T19:49:50","modified_gmt":"2026-04-17T17:49:50","slug":"morgan-bonneure","status":"publish","type":"cpt_team","link":"https:\/\/hb-lawyers.eu\/en\/team\/morgan-bonneure\/","title":{"rendered":"Morgan Bonneure"},"content":{"rendered":"<p class=\"wp-block-paragraph\">Morgan Bonneure is a member of the Brussels Bar since 2015 and is specialised in criminal law and white-collar defence.<\/p>\n\n\n\n<p class=\"wp-block-paragraph\">Before joining Hirsch &amp; Vanhaelst in December 2018, where he became a partner in 2022, he practiced in the Litigation &amp; White-Collar Crime department of the international law firm Allen &amp; Overy. He founded Hirsch &amp; Bonneure together with Mich\u00e8le Hirsch in 2025.<\/p>\n\n\n\n<p class=\"wp-block-paragraph translation-block\">Morgan is recognised as a specialist of white-collar crime in Belgium by the international ranking Chambers Europe.<\/p>\n\n\n\n<p class=\"wp-block-paragraph\">He advises and represents Belgian and international companies and indivivuals (CEOs, CFOs, top managers, accountants,etc), mainly in cases involving financial and economical crimes (corruption, cybercrime, tax criminal law,...).<\/p>\n\n\n\n<p class=\"wp-block-paragraph\">Morgan is also a teaching assistant in criminal law and criminal procedure at Saint-Louis University in Brussels.<\/p>\n\n\n\n<p class=\"wp-block-paragraph\">He regularly publishes articles and intervenes in seminars and conferences on white-collar crime issues (list of interventions and publications below).<\/p>\n\n\n\n<p class=\"wp-block-paragraph\">He holds an LL.M. from the London School of Economics and is authorized to appear before the Court of Cassation in criminal matters.<\/p>\n\n\n<div class=\"wp-block-image\">\n<figure class=\"alignleft size-full is-resized\"><img fetchpriority=\"high\" decoding=\"async\" width=\"250\" height=\"250\" src=\"https:\/\/hb-lawyers.eu\/wp-content\/uploads\/2024\/01\/col-hb.png\" alt=\"\" class=\"wp-image-23352\" style=\"width:99px;height:auto\" srcset=\"https:\/\/hb-lawyers.eu\/wp-content\/uploads\/2024\/01\/col-hb.png 250w, https:\/\/hb-lawyers.eu\/wp-content\/uploads\/2024\/01\/col-hb-150x150.png 150w, https:\/\/hb-lawyers.eu\/wp-content\/uploads\/2024\/01\/col-hb-12x12.png 12w, https:\/\/hb-lawyers.eu\/wp-content\/uploads\/2024\/01\/col-hb-120x120.png 120w\" sizes=\"(max-width: 250px) 100vw, 250px\" \/><\/figure>\n<\/div>\n\n\n<p class=\"has-text-align-left wp-block-paragraph\">Contact : <a href=\"mailto:m.bonneure@hb-lawyers.eu\" data-type=\"mailto\" data-id=\"mailto:m.bonneure@hb-lawyers.eu\">m.bonneure@hb-lawyers.eu<\/a><\/p>\n\n\n\n<hr class=\"wp-block-separator has-alpha-channel-opacity\"\/>\n\n\n\n<p class=\"wp-block-paragraph\"><strong><span style=\"text-decoration: underline;\">Interventions<\/span><\/strong><\/p>\n\n\n\n<p class=\"wp-block-paragraph\">March 31st, 2026&nbsp;<strong>Fraude fiscale&nbsp;<\/strong>: aspects de droit p\u00e9nal et de proc\u00e9dure p\u00e9nale&nbsp;\u00bb, Morgan Bonneure, S\u00e9minaire Anth\u00e9mis (Master class de proc\u00e9dure fiscale et contentieux), Bruxelles ;&nbsp;<\/p>\n\n\n\n<p class=\"wp-block-paragraph\">February 4th, 2026\u00a0<strong>nouveau Code p\u00e9nal\u00a0<\/strong>aux faits ant\u00e9rieurs \u00e0 son entr\u00e9e en vigueur\u00a0\u00bb, Morgan Bonneure, apr\u00e8s-midi d\u2019\u00e9tude de la Conf\u00e9rence du Jeune Barreau de Bruxelles.\u00a0<\/p>\n\n\n\n<p class=\"wp-block-paragraph\">September 25th, 2025: \u00ab\u00a0<strong>Cybercriminalit\u00e9 et entreprises<\/strong>, premiers r\u00e9flexes et aspects p\u00e9naux\u00a0\u00bb, Morgan Bonneure et Monsieur le Substitut du Procureur du Roi de Bruxelles Baptiste Flumian, S\u00e9minaire Creobis (\u00ab\u00a0L&rsquo;entreprise face au risque p\u00e9nal\u00a0\u00bb), Bruxelles.<\/p>\n\n\n\n<p class=\"wp-block-paragraph\">June 20th, 2025 : \u00ab\u00a0<strong>Blanchiment<\/strong>: de la pr\u00e9somption \u00e0 la sanction : un arsenal r\u00e9pressif renforc\u00e9 comme incitation \u00e0 la justice n\u00e9goci\u00e9e ?\u00a0\u00bb, Morgan Bonneure, St\u00e9phane Bonifassi (Barreau de Paris), B\u00e9atriz De Silva (Barreau de Paris), Sara Brimbeuf (Transparency International France), S\u00e9minaire de l&rsquo;Union Internationale des Avocats, Bordeaux;<\/p>\n\n\n\n<p class=\"wp-block-paragraph\">September 2nd, 2024: \u00ab\u00a0Le r\u00f4le de l\u2019<strong>expert-comptable<\/strong> dans les affaires de fraude\u00a0\u00bb, Morgan Bonneure, Webinaire CRECCB (institut de formation destin\u00e9 aux experts-comptable), Bruxelles;<\/p>\n\n\n\n<p class=\"wp-block-paragraph\">November 16th, 2023: \u00ab\u00a0<strong>Fraude fiscale<\/strong>: apsects de proc\u00e9dure p\u00e9nale\u00a0\u00bb, Morgan Bonneure et Madame le Substitut du Procureur du Roi du Brabant wallon Magali Raes, S\u00e9minaire de la Conf\u00e9rence du jeune barreau de Bruxelles (Barreau de Bruxelles); <\/p>\n\n\n\n<p class=\"wp-block-paragraph\">October 13th, 2022: \u00ab\u00a0<strong>Fraude fiscale<\/strong>, les points d\u2019attention en mati\u00e8re de proc\u00e9dure fiscale et p\u00e9nale\u00a0\u00bb, Morgan Bonneure et Mika\u00ebl Gossiaux, Webinaire Anthemis.<a href=\"https:\/\/kvabb.org\/fr\/formations\/webinaire-region-wallonie\/24\/09\/02\/Secret-professionnel-et-Collaboration-Le-Role-de-l-Expert-Comptable-dans-les-Affaires-de-Fraude.aspx\" target=\"_blank\" rel=\"noopener\"><\/a><\/p>\n\n\n\n<p class=\"wp-block-paragraph\"><strong><span style=\"text-decoration: underline;\">Publications<\/span><\/strong><\/p>\n\n\n\n<p class=\"wp-block-paragraph\">M. Bonneure et J. Tixhon, Carte blanche dans l\u2019Echo &#8211; \u00ab&nbsp;Criminalit\u00e9 en col blanc: le&nbsp;<strong>nouveau code p\u00e9nal&nbsp;<\/strong>va sensiblement serrer la vis&nbsp;\u00bb.&nbsp;<\/p>\n\n\n\n<p class=\"wp-block-paragraph\">M. Bonneure, \u00ab\u00a0<strong>Proc\u00e9dure p\u00e9nale fiscale<\/strong>\u00a0\u00bb (pp. 941-1038), in <em>Manuel de proc\u00e9dure fiscale<\/em>, 4\u00e8me \u00e9d., 2025, Anthemis;<\/p>\n\n\n\n<p class=\"wp-block-paragraph\">M. Gossiaux et M. Bonneure, \u00ab&nbsp;<strong>Fraude fiscale&nbsp;<\/strong>: points d\u2019attention en proc\u00e9dures fiscale et p\u00e9nale&nbsp;\u00bb, <em>Bulletin de l\u2019Ordre des Experts-Comptables<\/em>, 2022, n\u00b0 41, pp. 7 \u00e0 12&nbsp;;<\/p>\n\n\n\n<p class=\"wp-block-paragraph\">M. Bonneure, \u00ab\u00a0Arr\u00eat \u00ab\u00a0Autorit\u00e9 des march\u00e9s financiers\u00a0\u00bb: <strong>d\u00e9lit d&rsquo;initi\u00e9<\/strong> et travail journaliste&nbsp;\u00bb,&nbsp;<em>Journal de droit europ\u00e9en<\/em>, 2022, n\u00b09, pp.429 et s&nbsp;;<\/p>\n\n\n\n<p class=\"wp-block-paragraph\">M. Bonneure, \u00a0\u00bb Arr\u00eat \u00ab\u00a0Consob\u00a0\u00bb : <strong>d\u00e9lit d&rsquo;initi\u00e9 et droit au silence <\/strong>des personnes physiques et morales\u00a0\u00bb, <em>Journal de droit europ\u00e9en<\/em>, 2021, n\u00b0 8, pp. 387 et s.<\/p>\n\n\n\n<p class=\"wp-block-paragraph\">M. Fernandez-Bertier et M. Bonneure, \u00ab Le point sur quelques r\u00e9formes l\u00e9gislatives r\u00e9centes : la responsabilit\u00e9 p\u00e9nale des personnes morales, la <strong>transaction p\u00e9nale<\/strong>, la saisie et la confiscation sp\u00e9ciale, et la lutte antiblanchiment \u00bb, <em>Droit p\u00e9nal de l\u2019entreprise<\/em>, 2018\/2, p. 156.&nbsp;<\/p>\n\n\n\n<p class=\"wp-block-paragraph\">M. Bonneure et M. Fernandez-Bertier, \u00ab Habemus exsecutorem ! : la cr\u00e9ation du <strong>Parquet europ\u00e9en <\/strong>\u00bb, <em>Journal de droit europ\u00e9en<\/em>, 2018, n\u00b0 2, p. 42.<\/p>","protected":false},"excerpt":{"rendered":"<p>Morgan Bonneure est avocat au Barreau de Bruxelles depuis 2015 et est sp\u00e9cialis\u00e9 en droit p\u00e9nal et droit p\u00e9nal des affaires. Il a d&rsquo;abord exerc\u00e9 au sein du d\u00e9partement Litigation&hellip;<\/p>","protected":false},"author":103368794,"featured_media":23273,"comment_status":"closed","ping_status":"closed","template":"","cpt_team_group":[200,184],"class_list":["post-21720","cpt_team","type-cpt_team","status-publish","has-post-thumbnail","hentry","cpt_team_group-associe","cpt_team_group-penal-team"],"_links":{"self":[{"href":"https:\/\/hb-lawyers.eu\/en\/wp-json\/wp\/v2\/cpt_team\/21720","targetHints":{"allow":["GET"]}}],"collection":[{"href":"https:\/\/hb-lawyers.eu\/en\/wp-json\/wp\/v2\/cpt_team"}],"about":[{"href":"https:\/\/hb-lawyers.eu\/en\/wp-json\/wp\/v2\/types\/cpt_team"}],"author":[{"embeddable":true,"href":"https:\/\/hb-lawyers.eu\/en\/wp-json\/wp\/v2\/users\/103368794"}],"replies":[{"embeddable":true,"href":"https:\/\/hb-lawyers.eu\/en\/wp-json\/wp\/v2\/comments?post=21720"}],"wp:featuredmedia":[{"embeddable":true,"href":"https:\/\/hb-lawyers.eu\/en\/wp-json\/wp\/v2\/media\/23273"}],"wp:attachment":[{"href":"https:\/\/hb-lawyers.eu\/en\/wp-json\/wp\/v2\/media?parent=21720"}],"wp:term":[{"taxonomy":"cpt_team_group","embeddable":true,"href":"https:\/\/hb-lawyers.eu\/en\/wp-json\/wp\/v2\/cpt_team_group?post=21720"}],"curies":[{"name":"wp","href":"https:\/\/api.w.org\/{rel}","templated":true}]}}

<p class="wp-block-paragraph">Morgan Bonneure is a member of the Brussels Bar since 2015 and is specialised in criminal law and white-collar defence.</p>



<p class="wp-block-paragraph">Before joining Hirsch &amp; Vanhaelst in December 2018, where he became a partner in 2022, he practiced in the Litigation &amp; White-Collar Crime department of the international law firm Allen &amp; Overy. He founded Hirsch &amp; Bonneure together with Michèle Hirsch in 2025.</p>



<p class="wp-block-paragraph translation-block">Morgan is recognised as a specialist of white-collar crime in Belgium by the international ranking Chambers Europe.</p>



<p class="wp-block-paragraph">He advises and represents Belgian and international companies and indivivuals (CEOs, CFOs, top managers, accountants,etc), mainly in cases involving financial and economical crimes (corruption, cybercrime, tax criminal law,...).</p>



<p class="wp-block-paragraph">Morgan is also a teaching assistant in criminal law and criminal procedure at Saint-Louis University in Brussels.</p>



<p class="wp-block-paragraph">He regularly publishes articles and intervenes in seminars and conferences on white-collar crime issues (list of interventions and publications below).</p>



<p class="wp-block-paragraph">He holds an LL.M. from the London School of Economics and is authorized to appear before the Court of Cassation in criminal matters.</p>


<div class="wp-block-image">
<figure class="alignleft size-full is-resized"><img fetchpriority="high" decoding="async" width="250" height="250" src="https://hb-lawyers.eu/wp-content/uploads/2024/01/col-hb.png" alt="" class="wp-image-23352" style="width:99px;height:auto" srcset="https://hb-lawyers.eu/wp-content/uploads/2024/01/col-hb.png 250w, https://hb-lawyers.eu/wp-content/uploads/2024/01/col-hb-150x150.png 150w, https://hb-lawyers.eu/wp-content/uploads/2024/01/col-hb-12x12.png 12w, https://hb-lawyers.eu/wp-content/uploads/2024/01/col-hb-120x120.png 120w" sizes="(max-width: 250px) 100vw, 250px" /></figure>
</div>


<p class="has-text-align-left wp-block-paragraph">Contact : <a href="mailto:m.bonneure@hb-lawyers.eu" data-type="mailto" data-id="mailto:m.bonneure@hb-lawyers.eu">m.bonneure@hb-lawyers.eu</a></p>



<hr class="wp-block-separator has-alpha-channel-opacity"/>



<p class="wp-block-paragraph"><strong><span style="text-decoration: underline;">Interventions</span></strong></p>



<p class="wp-block-paragraph">March 31st, 2026&nbsp;<strong>Fraude fiscale&nbsp;</strong>: aspects de droit pénal et de procédure pénale&nbsp;», Morgan Bonneure, Séminaire Anthémis (Master class de procédure fiscale et contentieux), Bruxelles ;&nbsp;</p>



<p class="wp-block-paragraph">February 4th, 2026 <strong>nouveau Code pénal </strong>aux faits antérieurs à son entrée en vigueur », Morgan Bonneure, après-midi d’étude de la Conférence du Jeune Barreau de Bruxelles. </p>



<p class="wp-block-paragraph">September 25th, 2025: « <strong>Cybercriminalité et entreprises</strong>, premiers réflexes et aspects pénaux », Morgan Bonneure et Monsieur le Substitut du Procureur du Roi de Bruxelles Baptiste Flumian, Séminaire Creobis (« L&rsquo;entreprise face au risque pénal »), Bruxelles.</p>



<p class="wp-block-paragraph">June 20th, 2025 : « <strong>Blanchiment</strong>: de la présomption à la sanction : un arsenal répressif renforcé comme incitation à la justice négociée ? », Morgan Bonneure, Stéphane Bonifassi (Barreau de Paris), Béatriz De Silva (Barreau de Paris), Sara Brimbeuf (Transparency International France), Séminaire de l&rsquo;Union Internationale des Avocats, Bordeaux;</p>



<p class="wp-block-paragraph">September 2nd, 2024: « Le rôle de l’<strong>expert-comptable</strong> dans les affaires de fraude », Morgan Bonneure, Webinaire CRECCB (institut de formation destiné aux experts-comptable), Bruxelles;</p>



<p class="wp-block-paragraph">November 16th, 2023: « <strong>Fraude fiscale</strong>: apsects de procédure pénale », Morgan Bonneure et Madame le Substitut du Procureur du Roi du Brabant wallon Magali Raes, Séminaire de la Conférence du jeune barreau de Bruxelles (Barreau de Bruxelles); </p>



<p class="wp-block-paragraph">October 13th, 2022: « <strong>Fraude fiscale</strong>, les points d’attention en matière de procédure fiscale et pénale », Morgan Bonneure et Mikaël Gossiaux, Webinaire Anthemis.<a href="https://kvabb.org/fr/formations/webinaire-region-wallonie/24/09/02/Secret-professionnel-et-Collaboration-Le-Role-de-l-Expert-Comptable-dans-les-Affaires-de-Fraude.aspx" target="_blank" rel="noopener"></a></p>



<p class="wp-block-paragraph"><strong><span style="text-decoration: underline;">Publications</span></strong></p>



<p class="wp-block-paragraph">M. Bonneure et J. Tixhon, Carte blanche dans l’Echo &#8211; «&nbsp;Criminalité en col blanc: le&nbsp;<strong>nouveau code pénal&nbsp;</strong>va sensiblement serrer la vis&nbsp;».&nbsp;</p>



<p class="wp-block-paragraph">M. Bonneure, « <strong>Procédure pénale fiscale</strong> » (pp. 941-1038), in <em>Manuel de procédure fiscale</em>, 4ème éd., 2025, Anthemis;</p>



<p class="wp-block-paragraph">M. Gossiaux et M. Bonneure, «&nbsp;<strong>Fraude fiscale&nbsp;</strong>: points d’attention en procédures fiscale et pénale&nbsp;», <em>Bulletin de l’Ordre des Experts-Comptables</em>, 2022, n° 41, pp. 7 à 12&nbsp;;</p>



<p class="wp-block-paragraph">M. Bonneure, « Arrêt « Autorité des marchés financiers »: <strong>délit d&rsquo;initié</strong> et travail journaliste&nbsp;»,&nbsp;<em>Journal de droit européen</em>, 2022, n°9, pp.429 et s&nbsp;;</p>



<p class="wp-block-paragraph">M. Bonneure,  » Arrêt « Consob » : <strong>délit d&rsquo;initié et droit au silence </strong>des personnes physiques et morales », <em>Journal de droit européen</em>, 2021, n° 8, pp. 387 et s.</p>



<p class="wp-block-paragraph">M. Fernandez-Bertier et M. Bonneure, « Le point sur quelques réformes législatives récentes : la responsabilité pénale des personnes morales, la <strong>transaction pénale</strong>, la saisie et la confiscation spéciale, et la lutte antiblanchiment », <em>Droit pénal de l’entreprise</em>, 2018/2, p. 156.&nbsp;</p>



<p class="wp-block-paragraph">M. Bonneure et M. Fernandez-Bertier, « Habemus exsecutorem ! : la création du <strong>Parquet européen </strong>», <em>Journal de droit européen</em>, 2018, n° 2, p. 42.</p>

<p>Morgan Bonneure est avocat au Barreau de Bruxelles depuis 2015 et est spécialisé en droit pénal et droit pénal des affaires. Il a d&rsquo;abord exercé au sein du département Litigation&hellip;</p>
